) = -b**2 + 8*b - 9. Let d be l(7). Let x be 2*d/8*-6. Suppose -56 = -z - x*z. What are the prime factors of z?
2, 7
List the prime factors of 30/4*(-96)/(-20).
2, 3
Let r(y) be the third derivative of y**6/120 - y**5/15 - y**4/4 + y**3 + 3*y**2. Let x be r(5). Suppose -13 = -d - x. List the prime factors of d.
2, 3
Let a = 75 + -31. Let z = 71 - 101. Let f = a + z. What are the prime factors of f?
2, 7
Let l(b) be the third derivative of -b**4/6 - 2*b**3/3 + 2*b**2. Suppose 0 = -n + 2 - 5. What are the prime factors of l(n)?
2
Let m(n) be the first derivative of -n**3/3 - 4*n**2 - n - 8. List the prime factors of m(-5).
2, 7
Suppose -4*j + 30 = -2*j. Suppose -4*i - i + j = 0. Suppose 5*g + 55 = 5*y + 6*g, i*y = g + 41. List the prime factors of y.
2, 3
Let x(n) = n**2 - 6*n + 4. List the prime factors of x(-5).
59
Let s be (-1)/(-2)*6*2. Let y(z) = -7*z + 2*z**2 + z + 8 - z**2. What are the prime factors of y(s)?
2
Let z = -20 - -35. Suppose -4*p - z = -p. List the prime factors of (6/(-5))/(2/p).
3
Let g(p) = 5*p - 3. Let k be g(2). Let s = k + 16. Suppose 0 = 3*i - 3, 2*t + t + 2*i = s. What are the prime factors of t?
7
Suppose -7*f + 835 = -229. What are the prime factors of f?
2, 19
Let c(h) = 10 - 1 + 3*h - 2. What are the prime factors of c(13)?
2, 23
List the prime factors of 1/((-440)/(-436) - 2/2).
109
Let i(z) = -z + 35. Let k be i(0). What are the prime factors of (-20)/(-6)*42/k?
2
Let n = -30 + 57. Suppose -j = -n + 1. What are the prime factors of j?
2, 13
Suppose 0 = -2*v + 8, -3*v - v = -4*j + 20. What are the prime factors of j?
3
What are the prime factors of 14/(-7) + (-1 - -103)?
2, 5
Let j = 605 + -402. What are the prime factors of j?
7, 29
Suppose 0 = -3*j - 5*f + 1 - 3, 4*j - 2*f - 6 = 0. Let v be ((-9)/(-4) - j)*60. Suppose -v = -2*r - 3*r. What are the prime factors of r?
3, 5
Suppose 0 = -19*a + 15*a + 356. What are the prime factors of a?
89
Let w = 92 + -39. List the prime factors of w.
53
Let a(p) = -3 - 2*p - p + 4*p. Let r be a(7). Suppose v + r*v - 2*h = 4, 7 = 5*v - h. What are the prime factors of v?
2
Let x(z) = -z**2 - z - 6. Let g be x(0). Let s = g + 10. Suppose 0*o + 2*j - s = -o, -o + 2*j = -12. List the prime factors of o.
2
Let t be (-6)/(-21) + 12/7. Suppose -i + t*i - 4 = -2*q, -3*i - 4*q = -18. What are the prime factors of i?
2, 5
Let j(y) = -y. Let n(p) = -p**2 + p + 1. Let l(a) = 2*j(a) - n(a). Let o be l(3). What are the prime factors of o/(3/14)*-3?
2, 7
Suppose -4*v + 72 = -4*m, v - 10 = m + 2*m. List the prime factors of v.
2, 11
Let b(s) = 2*s**3 + 4*s**2 + 3*s - 3. Let d be b(-3). Let m = d - -48. What are the prime factors of m?
2, 3
Let f = 97 - 65. What are the prime factors of f?
2
Let o be ((-4)/2)/(4/(-6)). Suppose -i + 5*p - 4 - 14 = 0, 0 = 4*i + 5*p - 28. Suppose 3*h = 2*q + i*q - 41, -3*h = -o*q + 27. What are the prime factors of q?
2, 7
Suppose -3*t + 0*t + 162 = 0. Suppose 0 = 3*y + w - t, -5*y + 139 = -3*w + 35. What are the prime factors of y?
19
Suppose 342 = 4*y - y. What are the prime factors of y?
2, 3, 19
Let a be 34/(-8) - (-6)/(-8). Let w = 5 + a. Suppose -4*b + 2 + 22 = w. What are the prime factors of b?
2, 3
Let v = 1 + 1. Let x be ((-5)/((-15)/12))/v. List the prime factors of x/9 - (-183)/27.
7
Suppose -m + 37 = -5*l + 8, -6 = 2*l + m. Let x(p) = -7 - 2*p**2 + p**2 + 5*p - 13*p. List the prime factors of x(l).
2
Let r(w) = w**2 - 2*w - 2. List the prime factors of r(-2).
2, 3
Let o = 54 - 76. Let b = o - -37. List the prime factors of b.
3, 5
Suppose -4*d + 18 + 658 = 0. List the prime factors of d.
13
Let b be -3*(38/6 + -3). Let a be (b/(-6))/((-3)/162). What are the prime factors of a/5*(-1)/2?
3
Suppose -5*q + 3*i + 17 - 4 = 0, q - 4*i - 6 = 0. Suppose 4*y = y - 2*g + 38, -q*y + 34 = -3*g. List the prime factors of y.
2, 7
Let v be (22/(-33))/(2/(-15)). Suppose 4*x + 2*c = 3*c + 34, v*c = 3*x - 17. What are the prime factors of x?
3
Let n = 21 + 15. List the prime factors of n.
2, 3
Let q(z) = -z - 1. Let f be q(-6). What are the prime factors of 16/f*(-15)/(-6)?
2
Let n = -221 + 517. List the prime factors of n.
2, 37
Let x = 11 + 9. List the prime factors of x.
2, 5
Suppose -6*p + 62 = -5*p. List the prime factors of p.
2, 31
Suppose -5*a - 3*k + 66 = 0, -2*a = 5*k - k - 18. Suppose 2*y - 7*y = -a. List the prime factors of y.
3
Let g(v) = -v + 6. Let w be g(6). Suppose -4*j = -4*h - 84, -5*j + w*j = -4*h - 106. List the prime factors of j.
2, 11
Let h be -10*((-9)/(-6))/(-3). Let m be h - -2*(1 - 0). Let q(w) = -w**3 + 8*w**2 - 8*w + 10. List the prime factors of q(m).
3
Let n = -65 + 106. What are the prime factors of n?
41
Let s = 284 - 145. What are the prime factors of s?
139
Let p(o) be the third derivative of o**4/24 + 4*o**3/3 - 3*o**2. What are the prime factors of p(7)?
3, 5
Let w(j) = -13*j - 2. Let b(h) = 13*h + 3. Let a(q) = -3*b(q) - 2*w(q). What are the prime factors of a(-3)?
2, 17
Suppose 5*m - 4 = m. Let g(p) = 21*p. What are the prime factors of g(m)?
3, 7
Let f = 28 + 111. What are the prime factors of f?
139
Let m = -140 - -377. List the prime factors of m.
3, 79
List the prime factors of (1 + (-9)/(-2))*8.
2, 11
Let x(i) = i**3 + i**2 + i - 1. Let z be x(1). Suppose -z*m - 12 = -6*m. What are the prime factors of 9/m*(-10)/(-3)?
2, 5
Let o = -15 + 20. Suppose -31 = o*s - 4*r - 159, 0 = -4*s + 3*r + 103. List the prime factors of s.
2, 7
Let w(c) = 15*c + 1. List the prime factors of w(2).
31
Let k(n) = -n**3 + 11*n**2 - 10*n + 3. Let s(c) = -c**2 - 9*c - 3. Let u be s(-9). Let z = 13 + u. What are the prime factors of k(z)?
3
List the prime factors of (192/(-36))/((-2)/33).
2, 11
Let h = 6 - 6. Suppose -3*j = 3*q - 57, -4*j + h*q = -q - 56. List the prime factors of j.
3, 5
List the prime factors of ((-24)/18)/((-2)/258).
2, 43
Let y(i) = -i**2 + 6*i. Let o be y(5). Let l(p) = -p**3 + 4*p**2 + 6*p - 1. Let z be l(o). Suppose 5*k - 31 - z = 0. What are the prime factors of k?
7
Let t(p) = -p**3 + 7*p**2 - 5*p + 9. Let w(d) = d**3 - 9*d**2 + 9*d - 2. Let f be w(8). What are the prime factors of t(f)?
3, 5
Let c(u) = -u**2 - u. Let v be c(0). Let k(h) = 2*h**3 + 2*h**2 - 1. Let a be k(1). Suppose f = -v*f + a. List the prime factors of f.
3
Let p be 1371/15 + 4/(-10). Suppose j - 2*m + 3*m - 17 = 0, 5*j + 2*m - p = 0. What are the prime factors of j?
19
Let u = -12 - -16. Suppose -3*m - 4*x + 58 = x, -37 = -2*m - 3*x. Suppose 9 = u*w - m. What are the prime factors of w?
5
Let t(q) = 40*q**2 - q. Suppose -5*h + 5*d - 5 = 0, -2*d = -4*h + d - 2. List the prime factors of t(h).
3, 13
Let q = 64 + 1. List the prime factors of q.
5, 13
Suppose 8*g - 324 = 4*g. What are the prime factors of g?
3
Suppose 0 = 3*z + 3*q - 51, 5*q - 5 - 2 = z. What are the prime factors of z?
13
Suppose -5*m - 5*c = 1720, 3*c = -m - 135 - 213. Let h be ((-2)/6)/(2/m). Let z = -41 + h. What are the prime factors of z?
2
List the prime factors of 4/4 + (-10)/(-2).
2, 3
Let f(s) = 4*s**2 - 7*s - 12. Let h(q) = -3*q**2 + 7*q + 11. Let k(t) = -4*f(t) - 5*h(t). List the prime factors of k(-5).
3
Suppose 2*t - 4*t = j + 13, 2*t - 5*j = -31. Let v = -1 - t. What are the prime factors of v?
7
Suppose 0 = 5*y - 2*g + 24 - 94, -3*y + 3*g = -51. Let a = y - 7. Let z(r) = r**3 - 4*r**2 - 4*r + 1. What are the prime factors of z(a)?
2, 3
Let q(w) = 3*w**2 + 1. Let p be q(-1). Suppose 22 = 2*y - n, -p*y - n + 54 = 2*n. List the prime factors of y.
2, 3
Let c(m) = m**3 + 1 - 2*m**2 + 3*m**2 - 2*m**3. Let n be c(-2). Let p = 22 - n. What are the prime factors of p?
3
Let z(v) = 101*v**3 + v**2 - 2*v. What are the prime factors of z(1)?
2, 5
Let o(q) = -2*q**3 - 4*q**2 + q + 1. Let p = -11 - -8. What are the prime factors of o(p)?
2
Suppose -5*i - m + 117 = -5*m, 5*i - 129 = -2*m. Let y = -6 + i. What are the prime factors of y?
19
Suppose -q + 292 = -3*h, -1136 = -4*q - h + 84. What are the prime factors of q?
2, 19
Suppose 0 = 8*n - 3*n - 4*i - 93, -2*i + 64 = 4*n. Let f = n + 2. List the prime factors of f.
19
Suppose 0 = 3*i - q - 3, 0 = -3*i - 2*q + 5 - 2. Let u(o) = -13*o - 3. Let w(c) = -9*c - 2. Let m(k) = -5*u(k) + 7*w(k). List the prime factors of m(i).
3
Let a = -69 + 75. What are the prime factors of a?
2, 3
Suppose 391 + 14 = 5*v. What are the prime factors of v?